the highest common divisor of v and 52.
13
Let v = -1039 + 1413. What is the highest common divisor of v and 44?
22
Let r = -3040 + 3202. What is the highest common divisor of r and 486?
162
Let b be (-129)/2*((-92)/(-322) + 286/(-21)). What is the greatest common factor of b and 160?
20
Let j = -353 + 963. Suppose -32*g = -42*g + j. Calculate the greatest common factor of 122 and g.
61
Let c(k) = -k**2 + 40*k - 91. Let l be c(33). Calculate the greatest common divisor of l and 1708.
28
Let y be (-3)/((-27)/471) - 6/18. Let r(x) = -10*x - 4. Let u be r(-2). Calculate the greatest common factor of u and y.
4
Let a = 15925 - 15719. What is the greatest common divisor of a and 12669?
103
Let s = 408 + -424. Let j be (-2507)/(-69) + (-2 - s/6). Calculate the highest common factor of j and 111.
37
Let x(g) = g + 34. Let s be x(-22). Suppose 16*b = 12*b + s. Suppose o = -1 + b. Calculate the greatest common divisor of 4 and o.
2
Let y be (-16)/88 + (-2)/(-11). Suppose 4*v - 2*a = -y*v + 194, -4*v + 215 = 5*a. Let q be -8 + (-9)/(-9) + 17. Calculate the highest common divisor of v and q.
10
Let p be 2726/(6/24*8). Suppose 5*g - p = 3497. Calculate the greatest common factor of 27 and g.
27
Let w(v) = 3*v**2 - 6*v + 8. Let t be w(-6). Suppose 4*p + 542 = 5*m, -5*m - 3*p + 9*p + 528 = 0. Calculate the highest common divisor of m and t.
38
Suppose -l + 0*l = -9. Let n(f) = -f**3 + 4*f**2 + 4 - 2*f + 6*f**2 - 4*f - f. Let g be n(l). What is the highest common divisor of 176 and g?
22
Let j = 5199 - -2900. Calculate the highest common factor of 178 and j.
89
Let o(m) = -m**3 + 3*m**2 - 8*m + 6. Let h be o(2). Let b be (-61 - 1)*1*9/h. Let f = b - 84. What is the greatest common factor of f and 81?
9
Let w(o) = -o + 14. Let v(m) be the first derivative of m**2/2 + 15*m - 10. Let u be v(-9). Let n be w(u). What is the highest common divisor of n and 40?
8
Let v be 64/352 - 167/11. Let u be 21*(-5)/v - -513. Calculate the greatest common divisor of 40 and u.
40
Let f = 6056 + -6041. What is the greatest common divisor of f and 4065?
15
Let t be ((-104)/130)/(1/(-660)). Calculate the greatest common factor of t and 33.
33
Let o = 193 - 188. Let d be (4065/12)/o + 12/(-16). Calculate the highest common divisor of d and 469.
67
Let j(z) = z**3 + 5*z**2 + 3*z - 3. Let u be j(-2). Let p be (-6)/9*u - -14. Let d be (-8)/(-20)*(73 + 2). What is the highest common factor of p and d?
6
Let m(h) = h**3 - 23*h**2 - 66. Let y be m(27). Suppose 7*j + 23*j - y = 0. Calculate the greatest common factor of 19 and j.
19
Suppose -2948 = -r + 3*a - 2*a, 4*r - 11788 = 3*a. Let l be r/30 + 12/(-90). Calculate the highest common divisor of 441 and l.
49
Suppose -2*s + 86 = -4*w, -6*s + 160 = -2*s - 5*w. Suppose 3*r - 27 = 225. What is the greatest common divisor of r and s?
7
Suppose 146*z + 5*x - 6190 = 141*z, -3713 = -3*z - 4*x. What is the greatest common factor of z and 189?
21
Let s = -208 + 224. Let k be (-3)/(-2)*(-15)/(-18)*s. Calculate the greatest common divisor of k and 10.
10
Let s = -728 - -1208. Suppose 0 = 14*v - 6*v - s. Calculate the greatest common factor of v and 12.
12
Let m = -278 + 284. Let h be m - (-24)/(30/(-5)). Calculate the greatest common factor of h and 102.
2
Let c(a) = -5 - 5*a**3 + 11*a**2 + a**3 + 4 + 3*a**3 + 9. Let f be c(8). What is the greatest common divisor of f and 5?
5
Let t be 41/(533/130) - 5. Calculate the greatest common factor of t and 7720.
5
Let h = 499 + 4219. Calculate the highest common factor of 70 and h.
14
Let k(j) = -2*j**3 + 4*j**2 + 30*j + 9. Let u be k(-3). Calculate the highest common divisor of 7740 and u.
9
Let h(n) = -231*n + 954. Let c be h(4). Calculate the greatest common factor of c and 7635.
15
Let c(q) = 13*q**2 - 389*q - 1236. Let v be c(-3). Let m(r) = r**3 - 4*r**2 + 6*r - 6. Let h be m(4). Calculate the highest common divisor of v and h.
6
Suppose -9*m - 4 = -22. Suppose 804 = m*c + 284. What is the highest common divisor of 40 and c?
20
Let q = -14944 + 15214. What is the highest common divisor of 2610 and q?
90
Let t(g) = -2*g**2 - g + 30. Let z be t(-4). Let v be 36/72 - (-839)/z. What is the highest common factor of 60 and v?
60
Suppose 20*h - 23*h = -15. Suppose -8*t + 68 = 5*c - 10*t, -h*t = -3*c + 56. Calculate the greatest common divisor of c and 132.
12
Let r be -6 + (7 - 1) + 452. Suppose 82*f + r = 84*f - 5*k, -2*f - 4*k + 434 = 0. Calculate the greatest common divisor of 13 and f.
13
Suppose -71 - 79 = 3*l. Let i = l - -62. Suppose -4*o = o - 40. What is the highest common divisor of i and o?
4
Suppose 26*i = -5*i + 82895 + 2944. What is the highest common factor of i and 26?
13
Let c = 7042 + -6795. What is the highest common factor of c and 169?
13
Let x be ((-91650)/18)/((-1)/3). Suppose 55*i = 8*i + x. What is the highest common divisor of 130 and i?
65
Let c be 6 - (-57)/(-2)*978/(-27)*3. What is the greatest common divisor of 107 and c?
107
Suppose -49334*y + 9858 = -49303*y. Calculate the highest common factor of 366 and y.
6
Let l(n) = -897*n**3 + 2*n**2 + 6*n + 6. Let w be l(-1). Calculate the highest common factor of w and 93.
31
Suppose 0 = -22*o + 10*o + 3888. Suppose o = -46*t + 82*t. Suppose -3*d - 5*f - 250 = -8*d, d - 2*f - 55 = 0. Calculate the highest common divisor of d and t.
9
Suppose 0 = n + 1 - 4, 2*n = 4*p - 2. Let k(q) = 11*q**2 - q. Let x be k(p). Suppose 39*h - 35*h - 48 = 0. What is the highest common factor of h and x?
6
Let u(o) = -12*o + 77. Let m be u(6). Suppose -i + 0*y = -5*y - 545, -m*i = 4*y - 2580. What is the highest common divisor of 10 and i?
10
Suppose 5918 = 5*l + 3*s, -3*l = -2*s - 3820 + 273. Calculate the greatest common factor of l and 350.
7
Let b be 7 - (-11 - -4) - -70. Calculate the highest common divisor of b and 4872.
84
Let k(z) = 8*z**2 + z - 186. Let w be k(5). Let o = 385 + -252. What is the greatest common factor of o and w?
19
Let y(g) = -8743*g + g**2 + 17470*g + 32 - 8738*g. Let m be y(8). What is the greatest common divisor of m and 64?
8
Suppose -5812*k + 1680 = -5798*k. What is the greatest common factor of k and 1290?
30
Suppose -5*d + 3*b + 52890 = 0, -4*d + 2*b + 22209 = -20101. What is the highest common factor of 135 and d?
45
Let j(z) = -z**2 + 44*z - 254. Let w be j(7). Suppose 3*s + 68 = 3*p + 4*s, 5*p - w*s = 140. What is the highest common divisor of p and 16?
8
Suppose -32 = -15*q + 43. Suppose 0*u = -u - 5*b + 20, 0 = -5*u + b + 22. Calculate the highest common factor of u and q.
5
Let d be (-6)/(-27) - (-8056)/36. Let g = -1365 - -1461. Calculate the highest common divisor of g and d.
32
Let n(s) = 16*s**2 - 4*s. Let o be n(-6). Let y(c) = 2004*c - 13978. Let v be y(7). What is the greatest common divisor of v and o?
50
Let p be 1402/10 + ((-42)/15)/14. Suppose -p*m + 124*m = -528. Let i = 8 + -5. Calculate the greatest common divisor of i and m.
3
Suppose 40*v = 13*v + 6075. Suppose 5*x - 3*x + 4*h = 6, -3*x - 3*h = -18. What is the greatest common factor of x and v?
9
Suppose 2*o + 2*r = 4, -4*o = -16*r + 17*r - 23. Suppose -29*x + 528 = -o*x. Calculate the greatest common divisor of x and 204.
12
Let u(m) = 2*m**2 + 9*m + 20. Let x be u(-2). Let o = 81 - 41. What is the greatest common factor of x and o?
10
Suppose 4*r + 10*m - 13*m - 27230 = 0, 3*r - 20466 = -5*m. Calculate the greatest common factor of 156 and r.
52
Let t be 243/18*480/9. Suppose 0 = -9*h + 17*h - t. Suppose -h = -5*v - 5*d + 5, 3*d - 6 = 0. Calculate the greatest common divisor of v and 153.
17
Let o be (-963)/(-18) + 1/2. Let t = 563 + -293. Suppose -t = 2*u - 4*u. Calculate the highest common factor of u and o.
27
Suppose 9 = 3*j + 3*a, 3*a - 16 = 2*j - 22. Suppose -3*r - 7*f + j*f = -99, -72 = -3*r + 5*f. Calculate the greatest common divisor of 899 and r.
29
Let l be (-3)/7 + 560/49. Let f = l - 4. Let o(d) = -5*d**2 + 235*d + 7. Let y be o(47). Calculate the greatest common factor of f and y.
7
Suppose -4*y + 2*a = -82, 122*a - 125*a + 86 = 5*y. What is the greatest common factor of 5377 and y?
19
Suppose 11*u = -4*u + 690. Suppose -r + 4*y + u = 0, 11*r - 3*y - 87 = 9*r. What is the greatest common factor of r and 14?
14
Let a = -546 - -538. Let n be -3 - a - 1 - -81. What is the highest common divisor of n and 102?
17
Let r(m) = -11*m**